 7
Suppose 2*i = x, -4*x - 3 = i - 3*x. Let s(y) = 8*y**2. List the prime factors of s(i).
2
Suppose 2*a = 5*d - 66, -4*d + 87 - 23 = 4*a. Let v be (-12)/(-6) - (6 + -1). Let u = v + d. What are the prime factors of u?
11
Suppose f - 3 + 5 = 0. Let b be -1 - f - (4 + -3). Suppose -4*n + 5*w + 41 = 0, b = n + w + 2*w + 11. What are the prime factors of n?
2
Let t(o) be the second derivative of o**3/6 + 3*o**2 - 4*o. Suppose 0*h = 2*h - 12. What are the prime factors of t(h)?
2, 3
Suppose -8*h + 13*h - 300 = 0. List the prime factors of h.
2, 3, 5
Let x be 2*((-4)/(-2) + 0). Suppose 3*v - 18 = v - b, x*v - 36 = -5*b. Suppose -7*a - 4*j = -2*a - 22, v = -3*a + 5*j. What are the prime factors of a?
2
Let h = 14 - 2. What are the prime factors of h?
2, 3
Suppose -187 + 529 = 3*s. Suppose 16 = -2*u + s. What are the prime factors of u?
7
Let j = -77 - -144. What are the prime factors of j?
67
Suppose g = -3*j + 17, 4*j + 1 = g + 5. Suppose -2*k = 4*a - 22, -4*a - 4*k + g + 24 = 0. What are the prime factors of (-18)/12*(-4)/a?
2
Let z(s) be the first derivative of s**4/4 - 7*s**3/3 + 3*s**2 - 4*s + 3. Let n be z(6). What are the prime factors of (n + -1)*(-30)/25?
2, 3
Suppose -5*i + 24 = -2*i. Suppose -2*k = 2*b + i, -3*b + k = -0 + 8. List the prime factors of (-1)/b*(8 + 1).
3
Suppose -4*w = 0, 0*l = -l + 3*w + 3. Suppose l*d = 2*a + 6, 5*a + 4 + 18 = 4*d. Let u(p) = p**2 + 5*p + 2. What are the prime factors of u(a)?
2
Suppose a - 5*x + 3 + 2 = 0, 4*x = -a + 13. Suppose 5*z - 5*p - 90 = 0, -a*p = -3*z + 26 + 36. List the prime factors of z.
2, 7
Let n(y) = -y**2 - y + 14. Let l(m) = m**2 + 7*m + 6. Let h be l(-6). List the prime factors of n(h).
2, 7
Let s(h) = 5*h**2 - 15*h - 11. List the prime factors of s(-7).
3, 113
Suppose -66*g + 92 = -62*g. What are the prime factors of g?
23
Let u be 4*32 - (1 - -2). Suppose -d - u = -6*d. List the prime factors of d.
5
Let v(l) = 3*l - 1. Let w be v(1). Suppose 0 = -i - w*i - 3. What are the prime factors of i/(2*1/(-10))?
5
Let r(o) = -20*o - 2. List the prime factors of r(-2).
2, 19
Suppose -12 + 0 = -4*j. What are the prime factors of (1 + (-16)/j)*-3?
13
Let z(p) = p**3 - p**2 + p + 2. Let f(o) = -o**2 - 6*o + 2. Let g be f(-6). Let t be z(g). Suppose t + 4 = v. List the prime factors of v.
2, 3
Suppose -10 = -4*u + 2*u. Suppose s - u = -5*n, 7*n = 3*n + 3*s + 23. Suppose 3*j - 5*r + n = 26, 0 = -3*r. What are the prime factors of j?
2
Suppose -3*j - 4*v + 504 = -431, -2*v + 10 = 0. What are the prime factors of j?
5, 61
Let f(z) = z**2 + 5*z - 4. Let d be f(3). List the prime factors of 8/d - (-76)/10.
2
Let v(g) be the third derivative of g**5/60 - g**4/8 - g**3/2 - g**2. What are the prime factors of v(-3)?
3, 5
Suppose 0 = 6*f - f + z - 93, -3*f = -2*z - 48. Suppose a - 2*a = -f. What are the prime factors of a?
2, 3
List the prime factors of -2*38/(-16)*4.
19
Let o(h) = -6*h + 4. What are the prime factors of o(-12)?
2, 19
Suppose -4*i = -3*i - 7. Suppose -z + i + 3 = 0. List the prime factors of z.
2, 5
Let c be -5*(-5)/(50/(-16)). List the prime factors of 438/14 - c/(-28).
31
Suppose 440 = -2*s + 7*s. List the prime factors of s.
2, 11
Let w(c) = -c**2 + 8*c + 14. Let k be w(10). What are the prime factors of 6/9 + (-128)/k?
2, 11
Let r(m) = -1 + 15*m - 1 + 2. List the prime factors of r(1).
3, 5
List the prime factors of (-103)/((-1)/(-3) - 90/108).
2, 103
Let z(k) be the first derivative of -k**3/3 - 4*k**2 + 13*k + 4. What are the prime factors of z(-9)?
2
Suppose -3*i = n + 8, -3*i = -7*n + 4*n - 24. Let m = n - -15. What are the prime factors of m?
7
Suppose 697 = 5*r - 23. What are the prime factors of r?
2, 3
Let s be 1/((-116)/39 - -3). Let p = -21 + s. What are the prime factors of p?
2, 3
Suppose 0 = 4*v - 0*w - 2*w - 1560, v - 383 = -3*w. List the prime factors of v.
389
Let q = 155 - 218. Let l = q - -88. What are the prime factors of l?
5
Let y(f) = f**2 - 9*f + 4. Suppose 0 = -4*m + 8*m - 36. What are the prime factors of y(m)?
2
Let g = 14 - 8. Suppose -4*n - 5*t - 17 = 0, -t - 15 = 2*t. Let x = g + n. List the prime factors of x.
2
Let s(f) = 1. Let m(g) = -5*g - 20. Let l(u) = -m(u) - 20*s(u). Let z be l(7). Suppose 5*o - 4*v - z = -v, -o = 2*v - 20. What are the prime factors of o?
2, 5
Suppose 3*d = -5*z + 251, -4*d = z + z - 106. What are the prime factors of z?
7
Suppose -2*h + 586 = -176. What are the prime factors of h?
3, 127
Suppose d = 5*d - 4. Let w be d - (-1)/(1 + 0). What are the prime factors of (w/4)/((-3)/(-96))?
2
Let u(n) be the second derivative of -n**3/2 + 2*n**2 - 4*n. Let z be u(3). What are the prime factors of z*(1 + (-51)/15)?
2, 3
Let s be ((-15)/(-2))/(6/12). Let g = -11 + s. What are the prime factors of 43/g - 3/(-12)?
11
Suppose 4*p - 4 = -o, 4*p = o + 2*o - 12. Suppose -2*y + 3*n + 9 - 29 = 0, 3*y - n + 16 = p. What are the prime factors of 1/y - 82/(-8)?
2, 5
Suppose 5*w - 20 = -0*w. Suppose 5*r - q - 41 = 2*q, w*r = -2*q + 46. Suppose 0 = -0*t + 2*t - r. What are the prime factors of t?
5
Let r = -15 - -24. What are the prime factors of r?
3
Let w be ((0 - 4)*-5)/1. Suppose 3*b - 7 = 2, -4*i - 5*b = -31. Suppose 0*q = 5*g - 2*q - w, -i*q = 3*g + 14. List the prime factors of g.
2
Let t(s) = 15*s + 3. Let u be t(4). Suppose 5*x = u - 8. What are the prime factors of x?
11
Let r be 320/12 + (-4)/6. Let w = -14 + r. What are the prime factors of w?
2, 3
Suppose -3*q = -6*q. Let j = 35 - 14. List the prime factors of (2 + q)/(6/j).
7
Let m = -2 + -1. Let s = m + 5. Suppose -3*w + 35 = s. What are the prime factors of w?
11
Suppose 3*r = -95 + 572. What are the prime factors of r?
3, 53
Let c = 13 - 6. Suppose c*l - 80 = 39. What are the prime factors of l?
17
Let s(m) = m**2 + 5*m + 3. Let p be s(-4). Let n = p + 6. List the prime factors of n.
5
Let f(h) = -h**2 + h + 3. Let m be f(0). Suppose -m*v = -2*g + 2, 8 = 5*v - g + 2. Suppose -v*n + n = -3. List the prime factors of n.
3
Let q(x) = -2*x - 6 + 2*x - 2*x. Suppose -l = 7 - 3. List the prime factors of q(l).
2
Let k be ((-40)/(-25))/(2/5). List the prime factors of 3*(-1)/k*-4.
3
What are the prime factors of 33 - 8/(-2) - 1?
2, 3
Let c(r) = 9*r**3 + 3*r**2 + 11*r + 7. Let b(a) = -5*a**3 - a**2 - 6*a - 4. Let g(p) = -5*b(p) - 3*c(p). What are the prime factors of g(-2)?
5
Let d = -15 - -43. What are the prime factors of d?
2, 7
Suppose -2*w - 3*w = -435. List the prime factors of w.
3, 29
Let i(f) = -2*f**2 - 5 + f + 5 + 1 - f**3. Let j be i(-1). What are the prime factors of (24/2 - -1) + j?
2, 3
Suppose -2*f + 23 = -21. Suppose -2*w + f = 5*c, w + 4*c - 7*c - 33 = 0. List the prime factors of (-44)/(-7) + (-6)/w.
2, 3
Let l(t) = -t**2 + 5*t - 2. Let h be l(3). Suppose 4*j = h*v + 60, 2*j - v = 3*j - 11. List the prime factors of j.
13
Suppose 12*v - 63 = 357. What are the prime factors of v?
5, 7
Suppose -g + 0*g + 41 = 0. What are the prime factors of g?
41
Suppose -5*q = -58 - 52. What are the prime factors of q?
2, 11
Let l be 1 + 2 + (1 - 1). Suppose 0 = -3*m + l, 5*v - m = 2*m + 32. List the prime factors of v.
7
Let i(f) = f**3 - 5*f**2 + 6*f - 5. Let p be i(4). Suppose 0 = p*w - 4*w - x + 8, -4*x - 16 = -2*w. What are the prime factors of w?
2
Let m(x) = -x**3 + 6*x**2 + 9*x - 6. Let j be 8/2 - (6 - 4). Suppose j = 4*v - 26. List the prime factors of m(v).
2
Suppose 5*p = 5*t - 1575, -5*t + 6*p = 5*p - 1591. List the prime factors of t.
11, 29
Let h(t) = t**3 - t**2. Let n be ((-4)/10)/((-4)/10). Let w(u) = 5*u**3 + u**2 - 1. Let o(i) = n*h(i) + w(i). List the prime factors of o(1).
5
Suppose -h = -3*t - 0 - 2, -2*t = 2*h + 28. What are the prime factors of (36/h)/((-18)/120)?
2, 3
Let f = 497 - 177. List the prime factors of f.
2, 5
Let t = 7 - 10. Let y = 6 + t. List the prime factors of 16/y - 6/(-9).
2, 3
Suppose 3*q - 232 = q. List the prime factors of q.
2, 29
Let g = -1 + 109. List the prime factors of (g/10)/(2/5).
3
Let w = 77 - -8. List the prime factors of w.
5, 17
Let o be (1/2*0)/1. Let k be (1 - 2)*(o - 0). Suppose -2*f - 3*i = -k*i - 12, 0 = 2*f - 3*i - 12. What are the prime factors of f?
2, 3
Let s be (-10)/(-35) + (-66)/(-14). Let r = 21 - s. List the prime factors of r.
2
Suppose h + 1 = -1. List the prime factors of h/(6/(-3)) - -1.
2
Suppose -19 = -5*h - 